s - 28758 = -63*s + u. What is the units digit of s?
6
Suppose -2*p + 16406 = -5*k + 4221, 2*p - 3*k = 12175. What is the hundreds digit of p?
0
Let n be 15 - (4 + 0) - 4. Suppose -n*l + 11 = -31. Suppose 69 = l*i - 5*i. What is the tens digit of i?
6
Let l = -144 + 148. What is the hundreds digit of 112 + -1 - (-24)/l?
1
Suppose 2*q = -673 + 747. Suppose q*i = 26*i + 10010. What is the hundreds digit of i?
9
Let s = -48 + 50. Suppose -5*j + 5 = -f - 11, -s*j - 4*f = -2. What is the hundreds digit of (12/(-16)*65)/(j/(-12))?
1
Let k(j) = -j + 14. Let z be k(10). Suppose 4*i = -z*h + 20, -3*h = h + 3*i - 25. Let l(w) = 2*w**2 - 14*w - 6. What is the tens digit of l(h)?
5
Let f(w) = 2*w**2 - 2*w - 60. Suppose 2*u = -44 + 14. What is the units digit of f(u)?
0
Let h(l) = -15*l**3 + 3*l**2 - 3*l - 9. Let c be h(-4). Suppose -18334 = -17*s - c. What is the thousands digit of s?
1
Let y(i) = -i**3 + i**2 + 40*i + 47. What is the tens digit of y(-14)?
2
Let t = -10 - -34. Suppose t*r + 24 = 28*r. Let u(q) = q**3 - 3*q**2 + 6*q + 9. What is the units digit of u(r)?
3
Let w(x) = -5*x - 22. Let n be w(-7). Let l(j) = 2*j - 17. Let k be l(n). What is the units digit of 3 + (k*-18)/(-3)?
7
Let o(l) be the first derivative of -22*l**2 - l - 12. Suppose r + 0*g = -2*g - 12, -4*g = 3*r + 26. What is the units digit of o(r)?
7
Let n be 2/(-7) - (-44)/154. Suppose l + 0*l - 17 = n. Suppose b = -l + 70. What is the tens digit of b?
5
Let b be (24 + (-4)/(-2))*4. Suppose f + 4*v + 24 = 0, 5*f + 6*v + 204 = 7*v. Let c = f + b. What is the tens digit of c?
6
Suppose 33*x = 34*x + 2*f - 16964, x = 4*f + 16964. What is the tens digit of x?
6
Let i(q) = q + 1411. What is the units digit of i(-19)?
2
Let c be (711*(-66)/15)/((-4)/(-20)). What is the units digit of c/(-27) - (-2)/(-6)?
9
Let n(i) = -2 + 5*i**2 + 22*i + 7*i + i. Let k(y) = -y**2 - y. Let w(m) = -4*k(m) - n(m). What is the tens digit of w(-14)?
7
Let j(n) = -n + 6. Let p be j(5). Let g be -4 + 1*460/p. Suppose -g = -2*a + q + 2*q, 5*a = -5*q + 1140. What is the hundreds digit of a?
2
What is the units digit of (-16018)/(-6) + 78/234?
0
What is the thousands digit of 2/(-12) - 60/(-450)*(-242105)/(-4)?
8
Let p(j) = -3*j - 755. Let c be p(0). What is the units digit of (-7)/(-21) - c/3?
2
Let d = -2231 + 28139. What is the tens digit of d?
0
What is the units digit of 30/(1440/675852)*4?
1
Let q(c) = -c**3 + c**2 + 2*c + 408. Let p(r) = -11*r - 77. Let x be p(-7). What is the units digit of q(x)?
8
Let v(i) = 57873*i**2 - 5*i - 22. What is the tens digit of v(-1)?
5
Let t be 0 + (-5)/((-15)/6). Let u be 2 + 18/(-8) - t/(-8). Suppose u = -6*y + 7*y - 19. What is the tens digit of y?
1
Suppose 13*z - 8*z = -i + 2625, -10*i = -z - 25944. What is the thousands digit of i?
2
Let s(r) be the first derivative of -363*r**4/4 - r**3 - 7*r**2/2 - 5*r - 78. What is the tens digit of s(-1)?
6
Suppose 0 = 10*c - 0*c - 37398 - 280372. What is the units digit of c?
7
Suppose -2*b + 4 = -0. Suppose b*a + 1142 = 6*a - 2*r, 2*r - 1441 = -5*a. What is the units digit of a?
7
Let b(p) = 3*p**2 + 24*p - 22. Let g be b(-9). Suppose 130 = g*l - 3*i, 104 = 4*l - 2*i + 4*i. Suppose n - 19 = l. What is the units digit of n?
5
Suppose 482*p = 485*p, 2*m - 2*p = -16. Let x be 0 + (-1 - -2)*-2. What is the units digit of (-40)/m + 1/x*0?
5
Suppose r - 1132 - 1607 = 0. What is the tens digit of (-16)/(-6) + -2 - r/(-9)?
0
Let g(h) = h**3 - 9*h**2 + 2*h - 16. Let y be g(9). Let p be 6*8/12*86/y. Suppose -5*q = -2*v + 5*v - p, -69 = -2*q - v. What is the tens digit of q?
3
Let s = -4372 - -13680. What is the units digit of s?
8
Let p(t) = -t**3 - 3*t**2 - 2. Suppose -14*r = -4*r + 90. What is the hundreds digit of p(r)?
4
Suppose 35 - 11 = 4*j. Let y(p) = 6*p - p + j*p - 23. What is the units digit of y(10)?
7
Let o(v) = -2*v + 2. Let n be o(-1). Suppose -4*g = -2*h, -n*h + 14 = 2*g - 3*g. What is the tens digit of 52/h*(-1 + 14)?
6
Let f(w) = w**2 - 10*w + 20. Let y be f(8). Let i be 64 - (4 - y/1). Suppose i = d - j, -3*d + j + 312 = 2*d. What is the units digit of d?
2
Let d be (-2)/(-8) + (7403/(-4))/11. Let l = d - -612. Suppose 10*c - 7*c = l. What is the hundreds digit of c?
1
Let h = 2678 - 2470. What is the tens digit of h?
0
Let i(r) = -17*r**3 + 5*r**2 + 4*r - 31. Let v(x) = -8*x**3 + 3*x**2 + x - 16. Let p(l) = 2*i(l) - 5*v(l). What is the hundreds digit of p(5)?
6
Suppose -397970 = 1276*h - 1293*h. What is the units digit of h?
0
Suppose 8*b + 4*y - 62972 = 6*b, 5*b - 3*y = 157404. What is the units digit of b?
2
Let l(i) = -39*i**2 - 2*i - 46. Let g(z) = z**2 + z + 5. Let u(n) = -2*g(n) - l(n). What is the thousands digit of u(6)?
1
Let z = 7837 - -4451. What is the ten thousands digit of z?
1
Let k(i) = -68*i**3 - 7*i**2 - 58*i - 212. What is the tens digit of k(-4)?
6
Suppose -10*l = -l - 15084 - 104436. What is the ten thousands digit of l?
1
Let s(n) = 2*n**2 - 33*n - 798. What is the thousands digit of s(-67)?
0
Suppose 3*f + 0 + 9 = -2*n, -5*n = 2*f + 6. Suppose -s - b - b - 4 = 0, n = 2*s - 2*b - 10. Suppose s*o - 65 = -25. What is the tens digit of o?
2
Let j(z) = z**2 - 6*z + 5. Let u be j(2). Let b be u + 9/3 - 4/(-4). Suppose -a - b = -38. What is the units digit of a?
7
Suppose 360*o - 358*o - 30 = 0. Suppose 7*h - o*h = -10696. What is the thousands digit of h?
1
Let c(h) = -37*h**2 - h + 8. Let r be c(-4). Let t = r - -797. What is the units digit of t?
7
Suppose 4*d + 9*h = 8*h - 5, 0 = -5*h + 15. What is the units digit of ((-56)/12 + 4)/(d/1263)?
1
Let v = 16 - 6. Suppose 0 = -n - 10 + 10. Suppose n = 5*y - v*y + 285. What is the tens digit of y?
5
Let c(d) = 6*d**2 + 132*d - 2630. What is the units digit of c(-87)?
0
Let p(b) = 1311*b**2 + 4*b - 5. Let c be p(2). Suppose 20*h - 17*h - c = 0. What is the thousands digit of h?
1
Let x = -5906 + 11268. What is the units digit of x?
2
Let c(a) = -1 + 4*a**2 + 6*a + 12 - 5*a**2. Suppose -142 = 41*j - 429. What is the units digit of c(j)?
4
Let s = -6127 + 10939. What is the tens digit of s?
1
Let t be (-32)/20*15/(-6). Suppose 9*m = 11*m - t. What is the tens digit of (m - -1) + -3 + 100?
0
Let o(q) = 16*q**3 - 29*q**2 + 12*q + 77. What is the units digit of o(11)?
6
Suppose -260 = -120*a + 820. Let p(o) be the third derivative of o**4/24 + o**3 + o**2. What is the units digit of p(a)?
5
Let p(o) = 1411*o + 3736. What is the thousands digit of p(55)?
1
Let k(y) = -2*y + 17. Let r be k(6). Let j(i) = i**2 - 4*i - 5. Let d be j(r). Suppose v + d*v - 118 = 0. What is the tens digit of v?
1
Suppose 2*i = 175 + 55. Let a(p) = -87*p**2 - 16*p + 15. Let y be a(1). Let f = i + y. What is the tens digit of f?
2
Let w = 2112 + -1423. Let c = -350 + w. What is the units digit of c?
9
Let t = -457 - -396. What is the tens digit of (t + 60)/(1/(-291))?
9
Let n(f) = 78*f**2 + 18*f - 1329. What is the tens digit of n(-27)?
4
Suppose 0 = 8*p + 5*p - 9126. What is the units digit of -2 - -1 - (-18 - p)?
9
What is the hundreds digit of (3 + -6 + 11*72)/(3/36)?
4
Let n(m) = 835*m - 29. Let d be n(1). Let q = d + 230. What is the thousands digit of q?
1
Let w(k) = 482*k + 396. What is the units digit of w(11)?
8
Suppose 36 = 11*w + w. Suppose -w*r + 11 = -1. What is the units digit of 133/(r - (3 + 0))?
3
Suppose -4*p - p - y + 6039 = 0, 8 = 2*y. Let d = 1910 - p. Suppose n - 2*c - 71 = 107, 0 = 4*n + c - d. What is the units digit of n?
6
What is the thousands digit of 15/((-15)/(-5))*(-188173)/(-85)?
1
Let x = 72543 - 27297. What is the hundreds digit of x?
2
Suppose 3*p + 14 + 34 = 0. Let d(k) = 17*k**2 + k**3 + 526*k - 1048*k + 4 + 532*k. What is the units digit of d(p)?
0
What is the units digit of 8 + -5 - (-2137380)/30?
9
Suppose -12*b = -31 - 65. What is the units digit of (-16317)/(-27) + b/(-6)?
3
Let p(x) = 3196*x**2 - 74*x - 320. What is the units digit of p(-4)?
2
Let n(c) = -8*c - 7. Let y be n(6). Let f(p) = -p**3 + 23*p**2 - 21*p - 25. Let z be f(22). What is the tens digit of -2 - ((-12)/z + y)?
4
Let v(l) = l**3 + 16*l**2 + 27*l - 22. Let k be v(-14). What is the tens digit of ((-20)/k)/(3 + 4299/(-1434))?
9
Let u(q) = q**2 - 11*q - 22. Let z(s) = -2*s - 7. Let k be z(-8). Let g be u(k). What is the units digit of -2*5/(g/12) - -39?
2
Let k(r) = 14*r + 6. Le